{"id":601,"date":"2020-06-14T23:41:16","date_gmt":"2020-06-14T21:41:16","guid":{"rendered":"http:\/\/lamp.ocean.ru\/?page_id=601"},"modified":"2025-11-25T20:07:01","modified_gmt":"2025-11-25T18:07:01","slug":"projects","status":"publish","type":"page","link":"http:\/\/lamp.ocean.ru\/index.php\/projects\/","title":{"rendered":"Projects"},"content":{"rendered":"<hr \/>\n<h2><b>Ongoing:<\/b><\/h2>\n<h2><a href=\"http:\/\/lamp.ocean.ru\/index.php\/projects\/rsf-24-17-00099\/\">RSF <span lang=\"EN-US\">24-17-00099<\/span><\/a><\/h2>\n<p>The Russian Science Foundation project (grant number <span lang=\"EN-US\">24-17-00099<\/span>) \u201cMechanisms of sorting of plastic objects in the coastal zone of the sea and associated plastic mass fluxes within the coastal zone and into the open sea\u201d<\/p>\n<h2><a href=\"http:\/\/lamp.ocean.ru\/index.php\/projects\/rsf-nsfc-25-47-00030\/\">RSF-NSFC <span lang=\"EN-US\">25-47-00030 (PAM)<\/span><\/a><\/h2>\n<p>The Russian Science Foundation and The National Natural Science Foundation of China project (grant number <span lang=\"EN-US\">25-47-00030<\/span>) \u201cAging and fragmentation of plastic wastes on marine beaches across latitudes\u201d<\/p>\n<h2><a href=\"http:\/\/lamp.ocean.ru\/index.php\/projects\/rsf-25-77-20001\/\"><span lang=\"EN-US\">RSF 25-77-20001<\/span><\/a><\/h2>\n<p>The Russian Science Foundation project (grant number 25-77-20001)\u00a0\u201cMarine microplastic particles bed-load transport features on rough bottom\u201d.<\/p>\n<hr \/>\n<h2><b>Finished:<\/b><\/h2>\n<h2><a href=\"http:\/\/lamp.ocean.ru\/index.php\/projects\/marble-rsf-23-27-00150\/\">RSF <span lang=\"EN-US\">23-27-00150<\/span><\/a><\/h2>\n<p>The Russian Science Foundation project (grant number <span lang=\"EN-US\">23-27-00150<\/span>) \u201cT<span lang=\"EN-US\">he investigation of small-scale processes of convective character in the near-surface layer of the coastal zone of the sea<\/span>\u201d<\/p>\n<h2><a href=\"http:\/\/lamp.ocean.ru\/index.php\/projects\/marble-boundaries-rsf-19-17-00041-extension\/\">MARBLE-Boundaries (RSF 19-17-00041-extension)<\/a><\/h2>\n<p>The Russian Science Foundation project (grant number 19-17-00041-extension) \u201cBoundary conditions for problems of transport and fate of microplastics particles in marine environment\u201d<\/p>\n<h2><strong><a href=\"http:\/\/lamp.ocean.ru\/index.php\/projects\/scor-wg153-flotsam\/\">SCOR WG153 FLOTSAM<\/a><\/strong><\/h2>\n<p>Working Group #153 on Floating Litter and its Oceanic TranSport Analysis and Modelling (FLOTSAM)<\/p>\n<h2><a href=\"http:\/\/lamp.ocean.ru\/index.php\/projects\/marble-boundaries-rsf-19-17-00041\/\">MARBLE-Boundaries (RSF 19-17-00041)<\/a><\/h2>\n<p>The Russian Science Foundation project (grant number 19-17-00041) \u201cBoundary conditions for problems of transport and fate of microplastics particles in marine environment\u201d<\/p>\n<h2><a href=\"http:\/\/lamp.ocean.ru\/index.php\/projects\/balticlitter\/\">BalticLitter (RFBR 18-55-76001) ERA.Net RUS Plus Call 2017 &#8211; Science &amp; Technology<\/a><\/h2>\n<p>Litter rim of the Baltic Sea coast:\u00a0 monitoring, impact, and remediation.<\/p>\n<h2><a href=\"http:\/\/lamp.ocean.ru\/index.php\/projects\/baltic-cil-rfbr-19-05-00717\/\">Baltic CIL (RFBR 19-05-00717)<\/a><\/h2>\n<p>RFBR project No. 19-05-00717 &#8221; The core of the Baltic CIL: examining the hypotheses of its formation&#8221;<\/p>\n<h2><a href=\"http:\/\/lamp.ocean.ru\/index.php\/projects\/motion-microplastic-aggregation-and-transfer-in-marine-food-webs\/\">MOTION (Microplastic aggregation and transfer in marine food webs)<\/a><\/h2>\n<p>International project funded by Swedish Institute <a href=\"https:\/\/si.se\/en\/\">https:\/\/si.se\/en\/<\/a> programme aimed to support Third Country Participation in the Baltic Sea region (2019-2021). Mikroplast aggregering och \u00f6verf\u00f6ring i marin f\u00f6dov\u00e4v \/ Microplastic aggregation and transfer in marine food webs \/ \u0410\u0433\u0440\u0435\u0433\u0430\u0446\u0438\u044f \u0447\u0430\u0441\u0442\u0438\u0446 \u043c\u0438\u043a\u0440\u043e\u043f\u043b\u0430\u0441\u0442\u0438\u043a\u0430 \u0438 \u0435\u0433\u043e \u043f\u0435\u0440\u0435\u043d\u043e\u0441 \u0432 \u043c\u043e\u0440\u0441\u043a\u0438\u0445 \u043f\u0438\u0449\u0435\u0432\u044b\u0445 \u0446\u0435\u043f\u044f\u0445.<\/p>\n<h2><a href=\"http:\/\/lamp.ocean.ru\/index.php\/projects\/rfbr-project-no-19-45-393006\/\">RFBR project No. 19-45-393006<\/a><\/h2>\n<p>RFBR project No. 19-45-393006 \u201cThe presence, transfer and accumulation of particles of foamed plastics in the coastal zone of the Baltic Sea\u201d<\/p>\n<h2>RFBR project No. 19-45-390012<\/h2>\n<p>RFBR project No. 19-45-390012<\/p>\n<h2><a href=\"http:\/\/lamp.ocean.ru\/index.php\/projects\/marble-rsf-15-17-10020\/\"><span style=\"font-weight: 400;\">MARBLE (RSF 15-17-10020)<\/span><\/a><\/h2>\n<p><span style=\"font-weight: 400;\">The Russian Science Foundation project <\/span>MARBLE<span style=\"font-weight: 400;\"> (grant No. 15-17-10020) \u201cPhysical and dynamical properties of marine microplastic particles and their transport in a basin with vertical and horizontal density gradient, the Baltic Sea as an example\u201d<\/span><\/p>\n<h2><a href=\"http:\/\/lamp.ocean.ru\/index.php\/projects\/eigeo\/\"><span style=\"font-weight: 400;\">EI-GEO (RFBR 18-55-76002)<\/span><\/a><\/h2>\n<p><span style=\"font-weight: 400;\">The project <\/span>EI-GEO<span style=\"font-weight: 400;\"> \u201cEnvironmental impact of geosynthetics in aquatic systems\u201d of the Program ERA.Net RUS Plus (No RUS_ST2017-212) (RFBR via grant No. 18-55-76002, 2018-2020), Germany (The Federal Institute for Materials Research and Testing (BAM)), Latvia (Latvian Institute of Aquatic Ecology (LIAE)) and Russia (P.P. Shirshov Institute of Oceanology of Russian Academy of Sciences (SIO) <\/span><\/p>\n<h2><a href=\"http:\/\/lamp.ocean.ru\/index.php\/projects\/rfbr-project-no-19-35-50028\/\"><span style=\"font-weight: 400;\">RFBR project No. 19-35-50028<\/span><\/a><\/h2>\n<p><span style=\"font-weight: 400;\">RFBR project No. 19-35-50028 \u201cResearch on the processes of sedimentation and particle transport of marine microplastics based on laboratory modeling using PIV methods\u201d<br \/>\n<\/span><\/p>\n<h2><a href=\"http:\/\/lamp.ocean.ru\/index.php\/projects\/investigating-settling-process-of-marine-microplastic-particles-of-various-shapes-rfbr-18-35-00553\/\"><span style=\"font-weight: 400;\">Investigating settling process of marine microplastic particles of various shapes (RFBR 18-35-00553)<\/span><\/a><\/h2>\n<p><span style=\"font-weight: 400;\">RFBR programme for supporting young scientists, Project No. 18-35-00553 (2018-2020)<br \/>\n<\/span><\/p>\n","protected":false},"excerpt":{"rendered":"<div class=\"mh-excerpt\"><p>Ongoing: RSF 24-17-00099 The Russian Science Foundation project (grant number 24-17-00099) \u201cMechanisms of sorting of plastic objects in the coastal zone of the sea and <a class=\"mh-excerpt-more\" href=\"http:\/\/lamp.ocean.ru\/index.php\/projects\/\" title=\"Projects\">[&#8230;]<\/a><\/p>\n<\/div>","protected":false},"author":1,"featured_media":0,"parent":0,"menu_order":0,"comment_status":"closed","ping_status":"closed","template":"","meta":[],"_links":{"self":[{"href":"http:\/\/lamp.ocean.ru\/index.php\/wp-json\/wp\/v2\/pages\/601"}],"collection":[{"href":"http:\/\/lamp.ocean.ru\/index.php\/wp-json\/wp\/v2\/pages"}],"about":[{"href":"http:\/\/lamp.ocean.ru\/index.php\/wp-json\/wp\/v2\/types\/page"}],"author":[{"embeddable":true,"href":"http:\/\/lamp.ocean.ru\/index.php\/wp-json\/wp\/v2\/users\/1"}],"replies":[{"embeddable":true,"href":"http:\/\/lamp.ocean.ru\/index.php\/wp-json\/wp\/v2\/comments?post=601"}],"version-history":[{"count":39,"href":"http:\/\/lamp.ocean.ru\/index.php\/wp-json\/wp\/v2\/pages\/601\/revisions"}],"predecessor-version":[{"id":1273,"href":"http:\/\/lamp.ocean.ru\/index.php\/wp-json\/wp\/v2\/pages\/601\/revisions\/1273"}],"wp:attachment":[{"href":"http:\/\/lamp.ocean.ru\/index.php\/wp-json\/wp\/v2\/media?parent=601"}],"curies":[{"name":"wp","href":"https:\/\/api.w.org\/{rel}","templated":true}]}}