{"id":722,"date":"2020-06-21T13:58:57","date_gmt":"2020-06-21T11:58:57","guid":{"rendered":"http:\/\/lamp.ocean.ru\/?page_id=722"},"modified":"2020-06-21T13:58:57","modified_gmt":"2020-06-21T11:58:57","slug":"motion-microplastic-aggregation-and-transfer-in-marine-food-webs","status":"publish","type":"page","link":"http:\/\/lamp.ocean.ru\/index.php\/projects\/motion-microplastic-aggregation-and-transfer-in-marine-food-webs\/","title":{"rendered":"MOTION (Microplastic aggregation and transfer in marine food webs)"},"content":{"rendered":"<p><img loading=\"lazy\" class=\"wp-image-664 size-medium alignleft\" src=\"http:\/\/lamp.ocean.ru\/wp-content\/uploads\/2020\/06\/mo1-300x233.jpg\" alt=\"mo1\" width=\"300\" height=\"233\" srcset=\"http:\/\/lamp.ocean.ru\/wp-content\/uploads\/2020\/06\/mo1-300x233.jpg 300w, http:\/\/lamp.ocean.ru\/wp-content\/uploads\/2020\/06\/mo1.jpg 512w\" sizes=\"(max-width: 300px) 100vw, 300px\" \/> <img loading=\"lazy\" class=\"alignnone wp-image-665 size-medium\" src=\"http:\/\/lamp.ocean.ru\/wp-content\/uploads\/2020\/06\/mo2-300x166.png\" alt=\"mo2\" width=\"300\" height=\"166\" srcset=\"http:\/\/lamp.ocean.ru\/wp-content\/uploads\/2020\/06\/mo2-300x166.png 300w, http:\/\/lamp.ocean.ru\/wp-content\/uploads\/2020\/06\/mo2.png 512w\" sizes=\"(max-width: 300px) 100vw, 300px\" \/><\/p>\n<p><b>International project<\/b><span style=\"font-weight: 400;\"> funded by Swedish Institute <\/span><a href=\"https:\/\/si.se\/en\/\"><span style=\"font-weight: 400;\">https:\/\/si.se\/en\/<\/span><\/a><span style=\"font-weight: 400;\"> programme aimed to support Third Country Participation in the Baltic Sea region (2019-2021).<\/span><\/p>\n<p><span style=\"font-weight: 400;\">Mikroplast aggregering och \u00f6verf\u00f6ring i marin f\u00f6dov\u00e4v \/ Microplastic aggregation and transfer in marine food webs \/ \u0410\u0433\u0440\u0435\u0433\u0430\u0446\u0438\u044f \u0447\u0430\u0441\u0442\u0438\u0446 \u043c\u0438\u043a\u0440\u043e\u043f\u043b\u0430\u0441\u0442\u0438\u043a\u0430 \u0438 \u0435\u0433\u043e \u043f\u0435\u0440\u0435\u043d\u043e\u0441 \u0432 \u043c\u043e\u0440\u0441\u043a\u0438\u0445 \u043f\u0438\u0449\u0435\u0432\u044b\u0445 \u0446\u0435\u043f\u044f\u0445<\/span><\/p>\n<p><b>Project coordinator: <\/b><span style=\"font-weight: 400;\">Prof. Dr. Elena Gorokhova <\/span><a href=\"https:\/\/www.researchgate.net\/profile\/Elena_Gorokhova\"><span style=\"font-weight: 400;\">https:\/\/www.researchgate.net\/profile\/Elena_Gorokhova<\/span><\/a><span style=\"font-weight: 400;\"> (Sweden, Stockholm University, ACES <\/span><a href=\"https:\/\/www.aces.su.se\/\"><span style=\"font-weight: 400;\">https:\/\/www.aces.su.se\/<\/span><\/a><span style=\"font-weight: 400;\">)<\/span><\/p>\n<p><b>Project partner:<\/b><span style=\"font-weight: 400;\"> Dr. Sci. Irina Chubarenko (Russia, AB IO RAS)<\/span><\/p>\n<p><b>Annotation:<\/b><span style=\"font-weight: 400;\"> Because of its natural features, the semi-enclosed Baltic Sea is particularly vulnerable to pollution. In the last decades, plastic litter, including microplastic, was recognized as an emerging environmental contaminant worldwide, including the Baltic Sea. Several large projects are currently investigating various aspects of plastic litter in the Baltic Sea: e.g., MARELITT Baltic and BLASTIC (EU, Interreg), WEATHER-MIC (JPI-Oceans), and MICROPOLL (BONUS, Blue Baltic). They all, however, are mostly focused on the identification and quantification of plastic inflows in the Baltic, and much less on the development of the risk assessment methodologies. The task to protect marine environment from pollution by litter requires identification and understanding of its hazard nature; these aspects are currently very unclear, which hampers development of an adequate approach for risk assessment of microplastics. A crucial issue for the hazard assessment is aggregation and sedimentation of microplastic in the water column, because it affects encounter rate and local accumulations of microplastic in the marine environment. This was recognized in the MICROPOLL project and inspired us to address these challenges in MOTION (MicrOplasTics bIofilm mOdeliNg). This project will increase our knowledge about the effect mechanisms and hazard assessment of microplastic, and thus support the development of science-based risk assessment and regulatory actions.<\/span><\/p>\n<p><b>Results and activities:<\/b><span style=\"font-weight: 400;\">\u00a0<\/span><\/p>\n<ul>\n<li style=\"font-weight: 400;\"><span style=\"font-weight: 400;\">First kick-off meeting was held in Stockholm university in February 2020 between project coordinator Dr. Elena Gorokhova and project members from LAMP &#8211; Alexey Grave, Anastasiya Kupriyanova and Liliya Khatmullina. They have discussed plans of the forthcoming meetings, possible usage of laboratory facilities of ACES, plans of the aggregation experiments, preparation of the joint paper and data exchange.\u00a0<\/span><\/li>\n<li style=\"font-weight: 400;\"><span style=\"font-weight: 400;\">Due to the coronavirus crisis the project will be prolonged to the middle of 2021.<\/span><\/li>\n<\/ul>\n","protected":false},"excerpt":{"rendered":"<div class=\"mh-excerpt\"><p>International project funded by Swedish Institute https:\/\/si.se\/en\/ programme aimed to support Third Country Participation in the Baltic Sea region (2019-2021). Mikroplast aggregering och \u00f6verf\u00f6ring i <a class=\"mh-excerpt-more\" href=\"http:\/\/lamp.ocean.ru\/index.php\/projects\/motion-microplastic-aggregation-and-transfer-in-marine-food-webs\/\" title=\"MOTION (Microplastic aggregation and transfer in marine food webs)\">[&#8230;]<\/a><\/p>\n<\/div>","protected":false},"author":13,"featured_media":0,"parent":601,"menu_order":0,"comment_status":"closed","ping_status":"closed","template":"","meta":[],"_links":{"self":[{"href":"http:\/\/lamp.ocean.ru\/index.php\/wp-json\/wp\/v2\/pages\/722"}],"collection":[{"href":"http:\/\/lamp.ocean.ru\/index.php\/wp-json\/wp\/v2\/pages"}],"about":[{"href":"http:\/\/lamp.ocean.ru\/index.php\/wp-json\/wp\/v2\/types\/page"}],"author":[{"embeddable":true,"href":"http:\/\/lamp.ocean.ru\/index.php\/wp-json\/wp\/v2\/users\/13"}],"replies":[{"embeddable":true,"href":"http:\/\/lamp.ocean.ru\/index.php\/wp-json\/wp\/v2\/comments?post=722"}],"version-history":[{"count":1,"href":"http:\/\/lamp.ocean.ru\/index.php\/wp-json\/wp\/v2\/pages\/722\/revisions"}],"predecessor-version":[{"id":723,"href":"http:\/\/lamp.ocean.ru\/index.php\/wp-json\/wp\/v2\/pages\/722\/revisions\/723"}],"up":[{"embeddable":true,"href":"http:\/\/lamp.ocean.ru\/index.php\/wp-json\/wp\/v2\/pages\/601"}],"wp:attachment":[{"href":"http:\/\/lamp.ocean.ru\/index.php\/wp-json\/wp\/v2\/media?parent=722"}],"curies":[{"name":"wp","href":"https:\/\/api.w.org\/{rel}","templated":true}]}}